{"id":3175,"date":"2025-04-30T08:07:19","date_gmt":"2025-04-30T08:07:19","guid":{"rendered":"http:\/\/clapat-themes.com\/wordpress\/bennet\/?page_id=3175"},"modified":"2025-04-30T08:07:19","modified_gmt":"2025-04-30T08:07:19","slug":"shortcodes","status":"publish","type":"page","link":"https:\/\/abyssedelhumanite.fr\/?page_id=3175","title":{"rendered":"Shortcodes"},"content":{"rendered":"\n<div class=\"wp-block-bennet-gutenberg-container content-row light-section full row_padding_top row_padding_bottom\" data-bgcolor=\"#c8c8c8\" style=\"text-align:left\"><div class=\"team-list-wrapper\"><ul class=\"team-list-captions\"><li data-centerLine=\"Hello\"><div class=\"tml-title\"><span>Hannah<\/span> <span>Smith<\/span><\/div><div class=\"tml-cat\">Co-Founder<\/div><\/li><li data-centerLine=\"Bonjour\"><div class=\"tml-title\"><span>Lucas<\/span> <span>Martin<\/span><\/div><div class=\"tml-cat\">Co-Founder<\/div><\/li><li data-centerLine=\"Hallo\"><div class=\"tml-title\"><span>Emma<\/span> <span>M\u00fcller<\/span><\/div><div class=\"tml-cat\">Web Designer<\/div><\/li><li data-centerLine=\"Salut\"><div class=\"tml-title\"><span>Mark<\/span> <span>Spencer<\/span><\/div><div class=\"tml-cat\">Web Developer<\/div><\/li><li data-centerLine=\"Holla\"><div class=\"tml-title\"><span>Charlotte<\/span> <span>Dunn<\/span><\/div><div class=\"tml-cat\">SEO Specialist<\/div><\/li><li data-centerLine=\"Apply\"><div class=\"tml-title\"><span>John<\/span> <span>Doe<\/span><\/div><div class=\"tml-cat\">Join our team<\/div><\/li><\/ul><ul class=\"team-list-images\"><li><div class=\"img-mask\"><div class=\"section-image\"><img decoding=\"async\" src=\"https:\/\/abyssedelhumanite.fr\/wp-content\/uploads\/2025\/05\/team1.jpg\" class=\"item-image grid__item-img\" alt=\"&lt;span&gt;Hannah&lt;\/span&gt; &lt;span&gt;Smith&lt;\/span&gt;\"><\/div><\/div><\/li><li><div class=\"img-mask\"><div class=\"section-image\"><img decoding=\"async\" src=\"https:\/\/abyssedelhumanite.fr\/wp-content\/uploads\/2025\/05\/team2.jpg\" class=\"item-image grid__item-img\" alt=\"&lt;span&gt;Lucas&lt;\/span&gt; &lt;span&gt;Martin&lt;\/span&gt;\"><\/div><\/div><\/li><li><div class=\"img-mask\"><div class=\"section-image\"><img decoding=\"async\" src=\"https:\/\/abyssedelhumanite.fr\/wp-content\/uploads\/2025\/05\/team3.jpg\" class=\"item-image grid__item-img\" alt=\"&lt;span&gt;Emma&lt;\/span&gt; &lt;span&gt;M\u00fcller&lt;\/span&gt;\"><\/div><\/div><\/li><li><div class=\"img-mask\"><div class=\"section-image\"><img decoding=\"async\" src=\"https:\/\/abyssedelhumanite.fr\/wp-content\/uploads\/2025\/05\/team4.jpg\" class=\"item-image grid__item-img\" alt=\"&lt;span&gt;Mark&lt;\/span&gt; &lt;span&gt;Spencer&lt;\/span&gt;\"><\/div><\/div><\/li><li><div class=\"img-mask\"><div class=\"section-image\"><img decoding=\"async\" src=\"https:\/\/abyssedelhumanite.fr\/wp-content\/uploads\/2025\/05\/team5.jpg\" class=\"item-image grid__item-img\" alt=\"&lt;span&gt;Charlotte&lt;\/span&gt; &lt;span&gt;Dunn&lt;\/span&gt;\"><\/div><\/div><\/li><li><div class=\"img-mask\"><div class=\"section-image\"><img decoding=\"async\" src=\"https:\/\/abyssedelhumanite.fr\/wp-content\/uploads\/2025\/05\/team6.jpg\" class=\"item-image grid__item-img\" alt=\"&lt;span&gt;John&lt;\/span&gt; &lt;span&gt;Doe&lt;\/span&gt;\"><\/div><\/div><\/li><li class=\"pixels-cover\"><\/li><\/ul><\/div><\/div>\n\n\n\n<div class=\"wp-block-bennet-gutenberg-container content-row dark-section full row_padding_top row_padding_bottom row_padding_left row_padding_right change-header-color disable-header-gradient\" data-bgcolor=\"#0c0c0c\" style=\"text-align:center\">\n<ul class=\"wp-block-bennet-gutenberg-clients clients-table\" data-delay=\"0\">\n<li class=\"link\"><a target=\"_blank\" href=\"\"><img decoding=\"async\" src=\"\" alt=\"client image\" \/><div class=\"overlay\"><\/div><\/a><\/li>\n\n\n\n<li class=\"link\"><a target=\"_blank\" href=\"\"><img decoding=\"async\" src=\"\" alt=\"client image\" \/><div class=\"overlay\"><\/div><\/a><\/li>\n\n\n\n<li class=\"link\"><a target=\"_blank\" href=\"\"><img decoding=\"async\" src=\"\" alt=\"client image\" \/><div class=\"overlay\"><\/div><\/a><\/li>\n\n\n\n<li class=\"link\"><a target=\"_blank\" href=\"\"><img decoding=\"async\" src=\"\" alt=\"client image\" \/><div class=\"overlay\"><\/div><\/a><\/li>\n\n\n\n<li class=\"link\"><a target=\"_blank\" href=\"\"><img decoding=\"async\" src=\"\" alt=\"client image\" \/><div class=\"overlay\"><\/div><\/a><\/li>\n\n\n\n<li class=\"link\"><a target=\"_blank\" href=\"\"><img decoding=\"async\" src=\"\" alt=\"client image\" \/><div class=\"overlay\"><\/div><\/a><\/li>\n\n\n\n<li class=\"link\"><a target=\"_blank\" href=\"\"><img decoding=\"async\" src=\"\" alt=\"client image\" \/><div class=\"overlay\"><\/div><\/a><\/li>\n\n\n\n<li class=\"link\"><a target=\"_blank\" href=\"\"><img decoding=\"async\" src=\"\" alt=\"client image\" \/><div class=\"overlay\"><\/div><\/a><\/li>\n<\/ul>\n<\/div>\n\n\n\n<div class=\"wp-block-bennet-gutenberg-container content-row light-section normal row_padding_top\" data-bgcolor=\"#c8c8c8\" style=\"text-align:left\">\n<dl class=\"wp-block-bennet-gutenberg-accordion accordion small-acc\">\n<dt><span class=\"link\">Friendly Support<\/span><div class=\"acc-icon-wrap parallax-wrap\"><div class=\"acc-button-icon parallax-element\"><i class=\"fa fa-arrow-right\"><\/i><\/div><\/div><\/dt><dd class=\"accordion-content\">We will be with you every step of the way. It\u2019s a promise!<\/dd>\n\n\n\n<dt><span class=\"link\">Money Back<\/span><div class=\"acc-icon-wrap parallax-wrap\"><div class=\"acc-button-icon parallax-element\"><i class=\"fa fa-arrow-right\"><\/i><\/div><\/div><\/dt><dd class=\"accordion-content\">If you don\u2019t like our theme, we will refund all your money back.<\/dd>\n\n\n\n<dt><span class=\"link\">Premium Quality<\/span><div class=\"acc-icon-wrap parallax-wrap\"><div class=\"acc-button-icon parallax-element\"><i class=\"fa fa-arrow-right\"><\/i><\/div><\/div><\/dt><dd class=\"accordion-content\">All Themes are made by Envato Elite Author &#8211; ClaPat<\/dd>\n\n\n\n<dt><span class=\"link\">Custom Work<\/span><div class=\"acc-icon-wrap parallax-wrap\"><div class=\"acc-button-icon parallax-element\"><i class=\"fa fa-arrow-right\"><\/i><\/div><\/div><\/dt><dd class=\"accordion-content\">Send us a message with everything you need to customize.<\/dd>\n<\/dl>\n<\/div>\n\n\n\n<div class=\"wp-block-bennet-gutenberg-container content-row light-section normal row_padding_top row_padding_bottom\" data-bgcolor=\"#c8c8c8\" style=\"text-align:left\">\n<dl class=\"wp-block-bennet-gutenberg-accordion accordion bigger-acc\">\n<dt><span class=\"link\">Friendly Support<\/span><div class=\"acc-icon-wrap parallax-wrap\"><div class=\"acc-button-icon parallax-element\"><i class=\"fa fa-arrow-right\"><\/i><\/div><\/div><\/dt><dd class=\"accordion-content\">Our dedicated team is always here to provide you with friendly and reliable support. We prioritize your satisfaction and are committed to assisting you every step of the way.<\/dd>\n\n\n\n<dt><span class=\"link\">Money Back<\/span><div class=\"acc-icon-wrap parallax-wrap\"><div class=\"acc-button-icon parallax-element\"><i class=\"fa fa-arrow-right\"><\/i><\/div><\/div><\/dt><dd class=\"accordion-content\">We value your trust and confidence in our product. If you&rsquo;re not completely satisfied with your purchase, we offer a hassle-free money-back guarantee. Your satisfaction is our top priority.<\/dd>\n\n\n\n<dt><span class=\"link\">Premium Quality<\/span><div class=\"acc-icon-wrap parallax-wrap\"><div class=\"acc-button-icon parallax-element\"><i class=\"fa fa-arrow-right\"><\/i><\/div><\/div><\/dt><dd class=\"accordion-content\">Our website template is crafted with meticulous attention to detail and a focus on delivering a premium experience. From stunning design elements to seamless functionality, we ensure that our template meets the highest quality standards.<\/dd>\n\n\n\n<dt><span class=\"link\">Custom Work<\/span><div class=\"acc-icon-wrap parallax-wrap\"><div class=\"acc-button-icon parallax-element\"><i class=\"fa fa-arrow-right\"><\/i><\/div><\/div><\/dt><dd class=\"accordion-content\">We understand that every website is unique, and our template allows for customization to match your specific needs. With our flexible framework, you can easily tailor the template to create a website that reflects your vision and stands out from the crowd.<\/dd>\n<\/dl>\n<\/div>\n\n\n\n<div class=\"wp-block-bennet-gutenberg-container content-row light-section normal row_padding_bottom\" data-bgcolor=\"#c8c8c8\" style=\"text-align:left\">\n<div class=\"wp-block-bennet-gutenberg-marquee-content marquee-text-wrapper\"><h2 class=\"marquee-text no-margins bw big-title\">\nCreate a forward content marquee that reverses its direction when scrolling up.\n<\/h2><\/div>\n\n\n\n<div class=\"wp-block-bennet-gutenberg-marquee-content marquee-text-wrapper\"><h2 class=\"marquee-text no-margins fw big-title\">\nCreate a forward content marquee that reverses its direction when scrolling up.\n<\/h2><\/div>\n<\/div>\n\n\n\n<div class=\"wp-block-bennet-gutenberg-container content-row light-section normal row_padding_bottom\" data-bgcolor=\"#c8c8c8\" style=\"text-align:center\">\n<div class=\"wp-block-columns is-layout-flex wp-container-core-columns-is-layout-9d6595d7 wp-block-columns-is-layout-flex\">\n<div class=\"wp-block-column is-layout-flow wp-block-column-is-layout-flow\">\n<h2 class=\"number-counter no-margins has-animation \" data-delay=\"0\" data-target=\"500\"  data-symbol=\"+\">0<\/h2>\n<\/div>\n\n\n\n<div class=\"wp-block-column is-layout-flow wp-block-column-is-layout-flow\">\n<h2 class=\"number-counter no-margins has-animation \" data-delay=\"0\" data-target=\"100\"  data-symbol=\"%\">0<\/h2>\n<\/div>\n\n\n\n<div class=\"wp-block-column is-layout-flow wp-block-column-is-layout-flow\">\n<h2 class=\"number-counter no-margins has-animation \" data-delay=\"0\" data-target=\"900\"  data-symbol=\"$\">0<\/h2>\n<\/div>\n<\/div>\n<\/div>\n\n\n\n<div class=\"wp-block-bennet-gutenberg-container content-row light-section normal row_padding_bottom\" data-bgcolor=\"#c8c8c8\" style=\"text-align:left\">\n<div class=\"wp-block-bennet-gutenberg-moving-title title-moving-outer\"><h2 class=\"title-moving-forward\">\nWe are trusted by over 30,000 clients to power stunning portfolio websites.\n<\/h2><\/div>\n\n\n\n<div class=\"wp-block-bennet-gutenberg-moving-title title-moving-outer\"><h2 class=\"title-moving-backward\">\nWe are trusted by over 30,000 clients to power stunning portfolio websites.\n<\/h2><\/div>\n<\/div>\n\n\n\n<div class=\"wp-block-bennet-gutenberg-container content-row dark-section full row_padding_top row_padding_bottom row_padding_left row_padding_right change-header-color disable-header-gradient text-align-center\" data-bgcolor=\"#0c0c0c\" style=\"text-align:center\">\n<div class=\"wp-block-bennet-gutenberg-slowed-text-pin-gallery slowed-pin\"><div class=\"slowed-text\"><h5><\/h5><h1 class=\"big-title\">This text will gradually \nslow down its \nmovement speed until\nall the images below \nit have been scrolled\n through<\/h1><hr\/><h5><\/h5><\/div><div class=\"slowed-images\">\n<div class=\"slowed-image\"><img decoding=\"async\" src=\"\" alt=\"\" \/><\/div>\n\n\n\n<div class=\"slowed-image\"><img decoding=\"async\" src=\"\" alt=\"\" \/><\/div>\n\n\n\n<div class=\"slowed-image\"><img decoding=\"async\" src=\"\" alt=\"\" \/><\/div>\n\n\n\n<div class=\"slowed-image\"><img decoding=\"async\" src=\"\" alt=\"\" \/><\/div>\n\n\n\n<div class=\"slowed-image\"><img decoding=\"async\" src=\"\" alt=\"\" \/><\/div>\n\n\n\n<div class=\"slowed-image\"><img decoding=\"async\" src=\"\" alt=\"\" \/><\/div>\n<\/div><\/div>\n<\/div>\n","protected":false},"excerpt":{"rendered":"","protected":false},"author":1,"featured_media":0,"parent":0,"menu_order":0,"comment_status":"closed","ping_status":"closed","template":"","meta":{"footnotes":""},"class_list":["post-3175","page","type-page","status-publish","hentry"],"yoast_head":"<!-- This site is optimized with the Yoast SEO plugin v27.5 - https:\/\/yoast.com\/product\/yoast-seo-wordpress\/ -->\n<title>Shortcodes - Abysse de l&#039;humanit\u00e9<\/title>\n<meta name=\"robots\" content=\"index, follow, max-snippet:-1, max-image-preview:large, max-video-preview:-1\" \/>\n<link rel=\"canonical\" href=\"https:\/\/abyssedelhumanite.fr\/?page_id=3175\" \/>\n<meta property=\"og:locale\" content=\"fr_FR\" \/>\n<meta property=\"og:type\" content=\"article\" \/>\n<meta property=\"og:title\" content=\"Shortcodes - Abysse de l&#039;humanit\u00e9\" \/>\n<meta property=\"og:url\" content=\"https:\/\/abyssedelhumanite.fr\/?page_id=3175\" \/>\n<meta property=\"og:site_name\" content=\"Abysse de l&#039;humanit\u00e9\" \/>\n<meta name=\"twitter:card\" content=\"summary_large_image\" \/>\n<meta name=\"twitter:label1\" content=\"Dur\u00e9e de lecture estim\u00e9e\" \/>\n\t<meta name=\"twitter:data1\" content=\"4 minutes\" \/>\n<script type=\"application\/ld+json\" class=\"yoast-schema-graph\">{\"@context\":\"https:\\\/\\\/schema.org\",\"@graph\":[{\"@type\":\"WebPage\",\"@id\":\"https:\\\/\\\/abyssedelhumanite.fr\\\/?page_id=3175\",\"url\":\"https:\\\/\\\/abyssedelhumanite.fr\\\/?page_id=3175\",\"name\":\"Shortcodes - Abysse de l&#039;humanit\u00e9\",\"isPartOf\":{\"@id\":\"https:\\\/\\\/abyssedelhumanite.fr\\\/#website\"},\"datePublished\":\"2025-04-30T08:07:19+00:00\",\"breadcrumb\":{\"@id\":\"https:\\\/\\\/abyssedelhumanite.fr\\\/?page_id=3175#breadcrumb\"},\"inLanguage\":\"fr-FR\",\"potentialAction\":[{\"@type\":\"ReadAction\",\"target\":[\"https:\\\/\\\/abyssedelhumanite.fr\\\/?page_id=3175\"]}]},{\"@type\":\"BreadcrumbList\",\"@id\":\"https:\\\/\\\/abyssedelhumanite.fr\\\/?page_id=3175#breadcrumb\",\"itemListElement\":[{\"@type\":\"ListItem\",\"position\":1,\"name\":\"Home\",\"item\":\"https:\\\/\\\/abyssedelhumanite.fr\\\/\"},{\"@type\":\"ListItem\",\"position\":2,\"name\":\"Shortcodes\"}]},{\"@type\":\"WebSite\",\"@id\":\"https:\\\/\\\/abyssedelhumanite.fr\\\/#website\",\"url\":\"https:\\\/\\\/abyssedelhumanite.fr\\\/\",\"name\":\"Abysse de l&#039;humanit\u00e9\",\"description\":\"Quand la lumi\u00e8re survit \u00e0 l\u2019inhumanit\u00e9\",\"potentialAction\":[{\"@type\":\"SearchAction\",\"target\":{\"@type\":\"EntryPoint\",\"urlTemplate\":\"https:\\\/\\\/abyssedelhumanite.fr\\\/?s={search_term_string}\"},\"query-input\":{\"@type\":\"PropertyValueSpecification\",\"valueRequired\":true,\"valueName\":\"search_term_string\"}}],\"inLanguage\":\"fr-FR\"}]}<\/script>\n<!-- \/ Yoast SEO plugin. -->","yoast_head_json":{"title":"Shortcodes - Abysse de l&#039;humanit\u00e9","robots":{"index":"index","follow":"follow","max-snippet":"max-snippet:-1","max-image-preview":"max-image-preview:large","max-video-preview":"max-video-preview:-1"},"canonical":"https:\/\/abyssedelhumanite.fr\/?page_id=3175","og_locale":"fr_FR","og_type":"article","og_title":"Shortcodes - Abysse de l&#039;humanit\u00e9","og_url":"https:\/\/abyssedelhumanite.fr\/?page_id=3175","og_site_name":"Abysse de l&#039;humanit\u00e9","twitter_card":"summary_large_image","twitter_misc":{"Dur\u00e9e de lecture estim\u00e9e":"4 minutes"},"schema":{"@context":"https:\/\/schema.org","@graph":[{"@type":"WebPage","@id":"https:\/\/abyssedelhumanite.fr\/?page_id=3175","url":"https:\/\/abyssedelhumanite.fr\/?page_id=3175","name":"Shortcodes - Abysse de l&#039;humanit\u00e9","isPartOf":{"@id":"https:\/\/abyssedelhumanite.fr\/#website"},"datePublished":"2025-04-30T08:07:19+00:00","breadcrumb":{"@id":"https:\/\/abyssedelhumanite.fr\/?page_id=3175#breadcrumb"},"inLanguage":"fr-FR","potentialAction":[{"@type":"ReadAction","target":["https:\/\/abyssedelhumanite.fr\/?page_id=3175"]}]},{"@type":"BreadcrumbList","@id":"https:\/\/abyssedelhumanite.fr\/?page_id=3175#breadcrumb","itemListElement":[{"@type":"ListItem","position":1,"name":"Home","item":"https:\/\/abyssedelhumanite.fr\/"},{"@type":"ListItem","position":2,"name":"Shortcodes"}]},{"@type":"WebSite","@id":"https:\/\/abyssedelhumanite.fr\/#website","url":"https:\/\/abyssedelhumanite.fr\/","name":"Abysse de l&#039;humanit\u00e9","description":"Quand la lumi\u00e8re survit \u00e0 l\u2019inhumanit\u00e9","potentialAction":[{"@type":"SearchAction","target":{"@type":"EntryPoint","urlTemplate":"https:\/\/abyssedelhumanite.fr\/?s={search_term_string}"},"query-input":{"@type":"PropertyValueSpecification","valueRequired":true,"valueName":"search_term_string"}}],"inLanguage":"fr-FR"}]}},"_links":{"self":[{"href":"https:\/\/abyssedelhumanite.fr\/index.php?rest_route=\/wp\/v2\/pages\/3175","targetHints":{"allow":["GET"]}}],"collection":[{"href":"https:\/\/abyssedelhumanite.fr\/index.php?rest_route=\/wp\/v2\/pages"}],"about":[{"href":"https:\/\/abyssedelhumanite.fr\/index.php?rest_route=\/wp\/v2\/types\/page"}],"author":[{"embeddable":true,"href":"https:\/\/abyssedelhumanite.fr\/index.php?rest_route=\/wp\/v2\/users\/1"}],"replies":[{"embeddable":true,"href":"https:\/\/abyssedelhumanite.fr\/index.php?rest_route=%2Fwp%2Fv2%2Fcomments&post=3175"}],"version-history":[{"count":0,"href":"https:\/\/abyssedelhumanite.fr\/index.php?rest_route=\/wp\/v2\/pages\/3175\/revisions"}],"wp:attachment":[{"href":"https:\/\/abyssedelhumanite.fr\/index.php?rest_route=%2Fwp%2Fv2%2Fmedia&parent=3175"}],"curies":[{"name":"wp","href":"https:\/\/api.w.org\/{rel}","templated":true}]}}