{"id":3171,"date":"2025-04-30T08:06:43","date_gmt":"2025-04-30T08:06:43","guid":{"rendered":"http:\/\/clapat-themes.com\/wordpress\/bennet\/?page_id=3171"},"modified":"2025-04-30T08:06:43","modified_gmt":"2025-04-30T08:06:43","slug":"typography","status":"publish","type":"page","link":"https:\/\/abyssedelhumanite.fr\/?page_id=3171","title":{"rendered":"Typography"},"content":{"rendered":"\n<div class=\"wp-block-bennet-gutenberg-container content-row light-section full row_padding_top row_padding_left row_padding_right\" data-bgcolor=\"transparent\" style=\"text-align:left\">\n<div class=\"wp-block-columns is-layout-flex wp-container-core-columns-is-layout-9d6595d7 wp-block-columns-is-layout-flex\">\n<div class=\"wp-block-column is-layout-flow wp-block-column-is-layout-flow\">\n<h5 class=\"wp-block-heading\">Primary Headings<\/h5>\n<\/div>\n\n\n\n<div class=\"wp-block-column is-layout-flow wp-block-column-is-layout-flow\">\n<h1 class=\"wp-block-heading has-shuffle\">Heading 1<\/h1>\n\n\n\n<h2 class=\"wp-block-heading has-shuffle\">Heading 1<\/h2>\n\n\n\n<h3 class=\"wp-block-heading has-shuffle\">Heading 1<\/h3>\n\n\n\n<h4 class=\"wp-block-heading has-shuffle\">Heading 1<\/h4>\n\n\n\n<h5 class=\"wp-block-heading has-shuffle\">Heading 1<\/h5>\n\n\n\n<h6 class=\"wp-block-heading has-shuffle\">Heading 1<\/h6>\n<\/div>\n<\/div>\n<\/div>\n\n\n\n<div class=\"wp-block-bennet-gutenberg-container content-row light-section full\" data-bgcolor=\"transparent\" style=\"text-align:left\">\n<div style=\"height:50px\" aria-hidden=\"true\" class=\"wp-block-spacer\"><\/div>\n\n\n\n<hr class=\"wp-block-bennet-gutenberg-animated-line animated-line has-animation\"\/>\n\n\n\n<div style=\"height:50px\" aria-hidden=\"true\" class=\"wp-block-spacer\"><\/div>\n<\/div>\n\n\n\n<div class=\"wp-block-bennet-gutenberg-container content-row light-section full row_padding_left row_padding_right\" data-bgcolor=\"transparent\" style=\"text-align:left\">\n<div class=\"wp-block-columns is-layout-flex wp-container-core-columns-is-layout-9d6595d7 wp-block-columns-is-layout-flex\">\n<div class=\"wp-block-column is-layout-flow wp-block-column-is-layout-flow\">\n<h5 class=\"wp-block-heading\">Anchor Links<\/h5>\n<\/div>\n\n\n\n<div class=\"wp-block-column is-layout-flow wp-block-column-is-layout-flow\">\n<p>If you paste in a URL, like <a class=\"link\" href=\"https:\/\/clapat.com\">https:\/\/clapat.com<\/a> &#8211; it&rsquo;ll automatically be linked up. But if you want to customise your anchor text, you can do that too! Here&rsquo;s a link to the <a class=\"link\" href=\"https:\/\/clapat.com\">ClaPat website<\/a>.<\/p>\n<\/div>\n<\/div>\n<\/div>\n\n\n\n<div class=\"wp-block-bennet-gutenberg-container content-row light-section full\" data-bgcolor=\"transparent\" style=\"text-align:left\">\n<div style=\"height:50px\" aria-hidden=\"true\" class=\"wp-block-spacer\"><\/div>\n\n\n\n<hr class=\"wp-block-bennet-gutenberg-animated-line animated-line has-animation\"\/>\n\n\n\n<div style=\"height:50px\" aria-hidden=\"true\" class=\"wp-block-spacer\"><\/div>\n<\/div>\n\n\n\n<div class=\"wp-block-bennet-gutenberg-container content-row light-section full row_padding_left row_padding_right\" data-bgcolor=\"transparent\" style=\"text-align:left\">\n<div class=\"wp-block-columns is-layout-flex wp-container-core-columns-is-layout-9d6595d7 wp-block-columns-is-layout-flex\">\n<div class=\"wp-block-column is-layout-flow wp-block-column-is-layout-flow\">\n<h5 class=\"wp-block-heading\">Floating Images<\/h5>\n<\/div>\n\n\n\n<div class=\"wp-block-column is-layout-flow wp-block-column-is-layout-flow\">\n<p>This is a text with a <span class=\"has-hover-image hide-ball\" data-img=\"http:\/\/clapat.ro\/themes\/bennet\/images\/shortcodes\/image01.jpg\">floating image<\/span> which you can use as <span class=\"has-hover-image vertical hide-ball\" data-img=\"http:\/\/clapat.ro\/themes\/bennet\/images\/shortcodes\/pinned01.jpg\">many times<\/span> you want in each paragraph.<\/p>\n<\/div>\n<\/div>\n<\/div>\n\n\n\n<div class=\"wp-block-bennet-gutenberg-container content-row light-section full\" data-bgcolor=\"transparent\" style=\"text-align:left\">\n<div style=\"height:50px\" aria-hidden=\"true\" class=\"wp-block-spacer\"><\/div>\n\n\n\n<hr class=\"wp-block-bennet-gutenberg-animated-line animated-line has-animation\"\/>\n\n\n\n<div style=\"height:50px\" aria-hidden=\"true\" class=\"wp-block-spacer\"><\/div>\n<\/div>\n\n\n\n<div class=\"wp-block-bennet-gutenberg-container content-row light-section full row_padding_left row_padding_right\" data-bgcolor=\"transparent\" style=\"text-align:left\">\n<div class=\"wp-block-columns is-layout-flex wp-container-core-columns-is-layout-9d6595d7 wp-block-columns-is-layout-flex\">\n<div class=\"wp-block-column is-layout-flow wp-block-column-is-layout-flow\">\n<h5 class=\"wp-block-heading\">Blockquote<\/h5>\n<\/div>\n\n\n\n<div class=\"wp-block-column is-layout-flow wp-block-column-is-layout-flow\">\n<blockquote class=\"wp-block-quote is-layout-flow wp-block-quote-is-layout-flow\">\n<p>A designer knows he has achieved perfection not when there is nothing left to add, but when there is nothing left to take away.<\/p>\n<\/blockquote>\n<\/div>\n<\/div>\n<\/div>\n\n\n\n<div class=\"wp-block-bennet-gutenberg-container content-row light-section full\" data-bgcolor=\"transparent\" style=\"text-align:left\">\n<div style=\"height:50px\" aria-hidden=\"true\" class=\"wp-block-spacer\"><\/div>\n\n\n\n<hr class=\"wp-block-bennet-gutenberg-animated-line animated-line has-animation\"\/>\n\n\n\n<div style=\"height:50px\" aria-hidden=\"true\" class=\"wp-block-spacer\"><\/div>\n<\/div>\n\n\n\n<div class=\"wp-block-bennet-gutenberg-container content-row light-section full row_padding_left row_padding_right\" data-bgcolor=\"transparent\" style=\"text-align:left\">\n<div class=\"wp-block-columns is-layout-flex wp-container-core-columns-is-layout-9d6595d7 wp-block-columns-is-layout-flex\">\n<div class=\"wp-block-column is-layout-flow wp-block-column-is-layout-flow\">\n<h5 class=\"wp-block-heading\">Highlighting<\/h5>\n<\/div>\n\n\n\n<div class=\"wp-block-column is-layout-flow wp-block-column-is-layout-flow\">\n<p><mark>Highlighting text<\/mark> can help bring important information immediately to the reader&rsquo;s attention. When creating a highlighting text, all you need to do is add a <code>==<\/code> before and after your text in a <strong>Markdown card<\/strong>.<\/p>\n<\/div>\n<\/div>\n<\/div>\n\n\n\n<div class=\"wp-block-bennet-gutenberg-container content-row light-section full\" data-bgcolor=\"transparent\" style=\"text-align:left\">\n<div style=\"height:50px\" aria-hidden=\"true\" class=\"wp-block-spacer\"><\/div>\n\n\n\n<hr class=\"wp-block-bennet-gutenberg-animated-line animated-line has-animation\"\/>\n\n\n\n<div style=\"height:50px\" aria-hidden=\"true\" class=\"wp-block-spacer\"><\/div>\n<\/div>\n\n\n\n<div class=\"wp-block-bennet-gutenberg-container content-row light-section full row_padding_left row_padding_right\" data-bgcolor=\"transparent\" style=\"text-align:left\">\n<div class=\"wp-block-columns is-layout-flex wp-container-core-columns-is-layout-9d6595d7 wp-block-columns-is-layout-flex\">\n<div class=\"wp-block-column is-layout-flow wp-block-column-is-layout-flow\" style=\"flex-basis:50%\">\n<h5 class=\"wp-block-heading\">Lists<\/h5>\n<\/div>\n\n\n\n<div class=\"wp-block-column is-layout-flow wp-block-column-is-layout-flow\" style=\"flex-basis:25%\">\n<h5 class=\"wp-block-heading\">Ordered Lists<\/h5>\n\n\n\n<ul class=\"wp-block-list\">\n<li>Item number one<\/li>\n\n\n\n<li>Item number two\n<ul class=\"wp-block-list\">\n<li>Item nested one<\/li>\n\n\n\n<li>Item nested two<\/li>\n<\/ul>\n<\/li>\n\n\n\n<li>Item number three<\/li>\n<\/ul>\n<\/div>\n\n\n\n<div class=\"wp-block-column is-layout-flow wp-block-column-is-layout-flow\" style=\"flex-basis:25%\">\n<h5 class=\"wp-block-heading\">Unordered Lists<\/h5>\n\n\n\n<ul class=\"wp-block-list\">\n<li>Item number one<\/li>\n\n\n\n<li>Item number two\n<ul class=\"wp-block-list\">\n<li>Item nested one<\/li>\n\n\n\n<li>Item nested two<\/li>\n<\/ul>\n<\/li>\n\n\n\n<li>Item number three<\/li>\n<\/ul>\n<\/div>\n<\/div>\n<\/div>\n\n\n\n<div class=\"wp-block-bennet-gutenberg-container content-row light-section full\" data-bgcolor=\"transparent\" style=\"text-align:left\">\n<div style=\"height:50px\" aria-hidden=\"true\" class=\"wp-block-spacer\"><\/div>\n\n\n\n<hr class=\"wp-block-bennet-gutenberg-animated-line animated-line has-animation\"\/>\n\n\n\n<div style=\"height:50px\" aria-hidden=\"true\" class=\"wp-block-spacer\"><\/div>\n<\/div>\n\n\n\n<div class=\"wp-block-bennet-gutenberg-container content-row light-section full row_padding_left row_padding_right\" data-bgcolor=\"transparent\" style=\"text-align:left\">\n<div class=\"wp-block-columns is-layout-flex wp-container-core-columns-is-layout-9d6595d7 wp-block-columns-is-layout-flex\">\n<div class=\"wp-block-column is-layout-flow wp-block-column-is-layout-flow\">\n<h5 class=\"wp-block-heading\">Code<\/h5>\n<\/div>\n\n\n\n<div class=\"wp-block-column is-layout-flow wp-block-column-is-layout-flow\">\n<pre class=\"wp-block-code\"><code>.my-element {\n    display: block;\n    width: 100%;\n}<\/code><\/pre>\n<\/div>\n<\/div>\n<\/div>\n\n\n\n<div class=\"wp-block-bennet-gutenberg-container content-row light-section full\" data-bgcolor=\"transparent\" style=\"text-align:left\">\n<div style=\"height:50px\" aria-hidden=\"true\" class=\"wp-block-spacer\"><\/div>\n\n\n\n<hr class=\"wp-block-bennet-gutenberg-animated-line animated-line has-animation\"\/>\n\n\n\n<div style=\"height:50px\" aria-hidden=\"true\" class=\"wp-block-spacer\"><\/div>\n<\/div>\n\n\n\n<div class=\"wp-block-bennet-gutenberg-container content-row light-section full row_padding_left row_padding_right\" data-bgcolor=\"transparent\" style=\"text-align:left\">\n<div class=\"wp-block-columns is-layout-flex wp-container-core-columns-is-layout-9d6595d7 wp-block-columns-is-layout-flex\">\n<div class=\"wp-block-column is-layout-flow wp-block-column-is-layout-flow\">\n<h5 class=\"wp-block-heading\">Text Indentation<\/h5>\n<\/div>\n\n\n\n<div class=\"wp-block-column is-layout-flow wp-block-column-is-layout-flow\">\n<p class=\"has-indent\">You don&rsquo;t see this visual style as much in web pages because browsers, by default, display paragraphs with space underneath them as a way to show where one ends and another begins, but if you want to style a page to have that print-inspired indent style on paragraphs, you can do so with the text-indent style property. <\/p>\n\n\n\n<div style=\"height:25px\" aria-hidden=\"true\" class=\"wp-block-spacer\"><\/div>\n\n\n\n<h4 class=\"wp-block-heading\"><span class=\"has-span-indent\">You don&rsquo;t see this<\/span> Visual style as much in web pages because browsers by default. <\/h4>\n<\/div>\n<\/div>\n<\/div>\n\n\n\n<div class=\"wp-block-bennet-gutenberg-container content-row light-section full\" data-bgcolor=\"transparent\" style=\"text-align:left\">\n<div style=\"height:50px\" aria-hidden=\"true\" class=\"wp-block-spacer\"><\/div>\n\n\n\n<hr class=\"wp-block-bennet-gutenberg-animated-line animated-line has-animation\"\/>\n\n\n\n<div style=\"height:50px\" aria-hidden=\"true\" class=\"wp-block-spacer\"><\/div>\n<\/div>\n\n\n\n<div class=\"wp-block-bennet-gutenberg-container content-row light-section full row_padding_left row_padding_right\" data-bgcolor=\"transparent\" style=\"text-align:left\">\n<div class=\"wp-block-columns is-layout-flex wp-container-core-columns-is-layout-9d6595d7 wp-block-columns-is-layout-flex\">\n<div class=\"wp-block-column is-layout-flow wp-block-column-is-layout-flow\" style=\"flex-basis:50%\">\n<h5 class=\"wp-block-heading\">Buttons<\/h5>\n<\/div>\n\n\n\n<div class=\"wp-block-column is-layout-flow wp-block-column-is-layout-flow\" style=\"flex-basis:25%\">\n<div class=\"button-wrap small-btn right \"><div class=\"icon-wrap parallax-wrap\"><div class=\"button-icon parallax-element\"><i class=\"arrow-icon-down\"><\/i><\/div><\/div><a target=\"_blank\" href=\"https:\/\/www.clapat.com\/\"><div class=\"button-text sticky right\"><span data-hover=\"Sticky Button\">Sticky Button<\/span><\/div><\/a><\/div>\n\n\n\n<div style=\"height:15px\" aria-hidden=\"true\" class=\"wp-block-spacer\"><\/div>\n\n\n\n<div class=\"button-wrap large-btn right \"><div class=\"icon-wrap parallax-wrap\"><div class=\"button-icon parallax-element\"><i class=\"arrow-icon-down\"><\/i><\/div><\/div><a target=\"_blank\" href=\"https:\/\/www.clapat.com\/\"><div class=\"button-text sticky right\"><span data-hover=\"Sticky Button\">Sticky Button<\/span><\/div><\/a><\/div>\n\n\n\n<div style=\"height:15px\" aria-hidden=\"true\" class=\"wp-block-spacer\"><\/div>\n\n\n\n<div class=\"button-wrap small-btn right button-link \"><div class=\"icon-wrap parallax-wrap\"><div class=\"button-icon parallax-element\"><i class=\"fa-solid fa-arrow-right\"><\/i><\/div><\/div><a target=\"_blank\" href=\"https:\/\/www.clapat.com\/\"><div class=\"button-text sticky right\"><span data-hover=\"Sticky Button\">Sticky Button<\/span><\/div><\/a><\/div>\n\n\n\n<div style=\"height:15px\" aria-hidden=\"true\" class=\"wp-block-spacer\"><\/div>\n\n\n\n<div class=\"button-wrap large-btn right button-link \"><div class=\"icon-wrap parallax-wrap\"><div class=\"button-icon parallax-element\"><i class=\"fa-solid fa-arrow-right\"><\/i><\/div><\/div><a target=\"_blank\" href=\"https:\/\/www.clapat.com\/\"><div class=\"button-text sticky right\"><span data-hover=\"Sticky Button\">Sticky Button<\/span><\/div><\/a><\/div>\n\n\n\n<div style=\"height:15px\" aria-hidden=\"true\" class=\"wp-block-spacer\"><\/div>\n\n\n\n<div class=\"button-box \"><div class=\"clapat-button-wrap parallax-wrap hide-ball\"><div class=\"clapat-button parallax-element\"><div class=\"button-border parallax-element-second outline rounded\"><a class=\"\" href=\"https:\/\/www.clapat.com\/\" target=\"_blank\"><span data-hover=\"Button Text\">Button Text<\/span><\/a><\/div><\/div><\/div><\/div>\n\n\n\n<div style=\"height:15px\" aria-hidden=\"true\" class=\"wp-block-spacer\"><\/div>\n\n\n\n<div class=\"button-box \"><div class=\"clapat-button-wrap parallax-wrap hide-ball\"><div class=\"clapat-button parallax-element\"><div class=\"button-border parallax-element-second rounded\"><a class=\"\" href=\"https:\/\/www.clapat.com\/\" target=\"_blank\"><span data-hover=\"Button Text\">Button Text<\/span><\/a><\/div><\/div><\/div><\/div>\n\n\n\n<div class=\"wp-block-buttons is-layout-flex wp-block-buttons-is-layout-flex\"><\/div>\n<\/div>\n\n\n\n<div class=\"wp-block-column is-layout-flow wp-block-column-is-layout-flow\" style=\"flex-basis:25%\">\n<div class=\"button-wrap small-btn left \"><div class=\"icon-wrap parallax-wrap\"><div class=\"button-icon parallax-element\"><i class=\"arrow-icon-down\"><\/i><\/div><\/div><a target=\"_blank\" href=\"https:\/\/www.clapat.com\/\"><div class=\"button-text sticky left\"><span data-hover=\"Sticky Button\">Sticky Button<\/span><\/div><\/a><\/div>\n\n\n\n<div style=\"height:15px\" aria-hidden=\"true\" class=\"wp-block-spacer\"><\/div>\n\n\n\n<div class=\"button-wrap large-btn left \"><div class=\"icon-wrap parallax-wrap\"><div class=\"button-icon parallax-element\"><i class=\"arrow-icon-down\"><\/i><\/div><\/div><a target=\"_blank\" href=\"https:\/\/www.clapat.com\/\"><div class=\"button-text sticky left\"><span data-hover=\"Sticky Button\">Sticky Button<\/span><\/div><\/a><\/div>\n\n\n\n<div style=\"height:15px\" aria-hidden=\"true\" class=\"wp-block-spacer\"><\/div>\n\n\n\n<div class=\"button-wrap small-btn left button-link \"><div class=\"icon-wrap parallax-wrap\"><div class=\"button-icon parallax-element\"><i class=\"fa-solid fa-arrow-right\"><\/i><\/div><\/div><a target=\"_blank\" href=\"https:\/\/www.clapat.com\/\"><div class=\"button-text sticky left\"><span data-hover=\"Sticky Button\">Sticky Button<\/span><\/div><\/a><\/div>\n\n\n\n<div style=\"height:15px\" aria-hidden=\"true\" class=\"wp-block-spacer\"><\/div>\n\n\n\n<div class=\"button-wrap large-btn left button-link \"><div class=\"icon-wrap parallax-wrap\"><div class=\"button-icon parallax-element\"><i class=\"fa-solid fa-arrow-right\"><\/i><\/div><\/div><a target=\"_blank\" href=\"https:\/\/www.clapat.com\/\"><div class=\"button-text sticky left\"><span data-hover=\"Sticky Button\">Sticky Button<\/span><\/div><\/a><\/div>\n\n\n\n<div style=\"height:15px\" aria-hidden=\"true\" class=\"wp-block-spacer\"><\/div>\n\n\n\n<div class=\"button-box \"><div class=\"clapat-button-wrap parallax-wrap hide-ball\"><div class=\"clapat-button parallax-element\"><div class=\"button-border parallax-element-second outline\"><a class=\"\" href=\"https:\/\/www.clapat.com\/\" target=\"_blank\"><span data-hover=\"Button Text\">Button Text<\/span><\/a><\/div><\/div><\/div><\/div>\n\n\n\n<div style=\"height:15px\" aria-hidden=\"true\" class=\"wp-block-spacer\"><\/div>\n\n\n\n<div class=\"button-box \"><div class=\"clapat-button-wrap parallax-wrap hide-ball\"><div class=\"clapat-button parallax-element\"><div class=\"button-border parallax-element-second\"><a class=\"\" href=\"https:\/\/www.clapat.com\/\" target=\"_blank\"><span data-hover=\"Button Text\">Button Text<\/span><\/a><\/div><\/div><\/div><\/div>\n<\/div>\n<\/div>\n<\/div>\n","protected":false},"excerpt":{"rendered":"","protected":false},"author":1,"featured_media":0,"parent":0,"menu_order":0,"comment_status":"closed","ping_status":"closed","template":"","meta":{"footnotes":""},"class_list":["post-3171","page","type-page","status-publish","hentry"],"yoast_head":"<!-- This site is optimized with the Yoast SEO plugin v27.5 - https:\/\/yoast.com\/product\/yoast-seo-wordpress\/ -->\n<title>Typography - Abysse de l&#039;humanit\u00e9<\/title>\n<meta name=\"robots\" content=\"index, follow, max-snippet:-1, max-image-preview:large, max-video-preview:-1\" \/>\n<link rel=\"canonical\" href=\"https:\/\/abyssedelhumanite.fr\/?page_id=3171\" \/>\n<meta property=\"og:locale\" content=\"fr_FR\" \/>\n<meta property=\"og:type\" content=\"article\" \/>\n<meta property=\"og:title\" content=\"Typography - Abysse de l&#039;humanit\u00e9\" \/>\n<meta property=\"og:url\" content=\"https:\/\/abyssedelhumanite.fr\/?page_id=3171\" \/>\n<meta property=\"og:site_name\" content=\"Abysse de l&#039;humanit\u00e9\" \/>\n<meta name=\"twitter:card\" content=\"summary_large_image\" \/>\n<meta name=\"twitter:label1\" content=\"Dur\u00e9e de lecture estim\u00e9e\" \/>\n\t<meta name=\"twitter:data1\" content=\"3 minutes\" \/>\n<script type=\"application\/ld+json\" class=\"yoast-schema-graph\">{\"@context\":\"https:\\\/\\\/schema.org\",\"@graph\":[{\"@type\":\"WebPage\",\"@id\":\"https:\\\/\\\/abyssedelhumanite.fr\\\/?page_id=3171\",\"url\":\"https:\\\/\\\/abyssedelhumanite.fr\\\/?page_id=3171\",\"name\":\"Typography - Abysse de l&#039;humanit\u00e9\",\"isPartOf\":{\"@id\":\"https:\\\/\\\/abyssedelhumanite.fr\\\/#website\"},\"datePublished\":\"2025-04-30T08:06:43+00:00\",\"breadcrumb\":{\"@id\":\"https:\\\/\\\/abyssedelhumanite.fr\\\/?page_id=3171#breadcrumb\"},\"inLanguage\":\"fr-FR\",\"potentialAction\":[{\"@type\":\"ReadAction\",\"target\":[\"https:\\\/\\\/abyssedelhumanite.fr\\\/?page_id=3171\"]}]},{\"@type\":\"BreadcrumbList\",\"@id\":\"https:\\\/\\\/abyssedelhumanite.fr\\\/?page_id=3171#breadcrumb\",\"itemListElement\":[{\"@type\":\"ListItem\",\"position\":1,\"name\":\"Home\",\"item\":\"https:\\\/\\\/abyssedelhumanite.fr\\\/\"},{\"@type\":\"ListItem\",\"position\":2,\"name\":\"Typography\"}]},{\"@type\":\"WebSite\",\"@id\":\"https:\\\/\\\/abyssedelhumanite.fr\\\/#website\",\"url\":\"https:\\\/\\\/abyssedelhumanite.fr\\\/\",\"name\":\"Abysse de l&#039;humanit\u00e9\",\"description\":\"Quand la lumi\u00e8re survit \u00e0 l\u2019inhumanit\u00e9\",\"potentialAction\":[{\"@type\":\"SearchAction\",\"target\":{\"@type\":\"EntryPoint\",\"urlTemplate\":\"https:\\\/\\\/abyssedelhumanite.fr\\\/?s={search_term_string}\"},\"query-input\":{\"@type\":\"PropertyValueSpecification\",\"valueRequired\":true,\"valueName\":\"search_term_string\"}}],\"inLanguage\":\"fr-FR\"}]}<\/script>\n<!-- \/ Yoast SEO plugin. -->","yoast_head_json":{"title":"Typography - Abysse de l&#039;humanit\u00e9","robots":{"index":"index","follow":"follow","max-snippet":"max-snippet:-1","max-image-preview":"max-image-preview:large","max-video-preview":"max-video-preview:-1"},"canonical":"https:\/\/abyssedelhumanite.fr\/?page_id=3171","og_locale":"fr_FR","og_type":"article","og_title":"Typography - Abysse de l&#039;humanit\u00e9","og_url":"https:\/\/abyssedelhumanite.fr\/?page_id=3171","og_site_name":"Abysse de l&#039;humanit\u00e9","twitter_card":"summary_large_image","twitter_misc":{"Dur\u00e9e de lecture estim\u00e9e":"3 minutes"},"schema":{"@context":"https:\/\/schema.org","@graph":[{"@type":"WebPage","@id":"https:\/\/abyssedelhumanite.fr\/?page_id=3171","url":"https:\/\/abyssedelhumanite.fr\/?page_id=3171","name":"Typography - Abysse de l&#039;humanit\u00e9","isPartOf":{"@id":"https:\/\/abyssedelhumanite.fr\/#website"},"datePublished":"2025-04-30T08:06:43+00:00","breadcrumb":{"@id":"https:\/\/abyssedelhumanite.fr\/?page_id=3171#breadcrumb"},"inLanguage":"fr-FR","potentialAction":[{"@type":"ReadAction","target":["https:\/\/abyssedelhumanite.fr\/?page_id=3171"]}]},{"@type":"BreadcrumbList","@id":"https:\/\/abyssedelhumanite.fr\/?page_id=3171#breadcrumb","itemListElement":[{"@type":"ListItem","position":1,"name":"Home","item":"https:\/\/abyssedelhumanite.fr\/"},{"@type":"ListItem","position":2,"name":"Typography"}]},{"@type":"WebSite","@id":"https:\/\/abyssedelhumanite.fr\/#website","url":"https:\/\/abyssedelhumanite.fr\/","name":"Abysse de l&#039;humanit\u00e9","description":"Quand la lumi\u00e8re survit \u00e0 l\u2019inhumanit\u00e9","potentialAction":[{"@type":"SearchAction","target":{"@type":"EntryPoint","urlTemplate":"https:\/\/abyssedelhumanite.fr\/?s={search_term_string}"},"query-input":{"@type":"PropertyValueSpecification","valueRequired":true,"valueName":"search_term_string"}}],"inLanguage":"fr-FR"}]}},"_links":{"self":[{"href":"https:\/\/abyssedelhumanite.fr\/index.php?rest_route=\/wp\/v2\/pages\/3171","targetHints":{"allow":["GET"]}}],"collection":[{"href":"https:\/\/abyssedelhumanite.fr\/index.php?rest_route=\/wp\/v2\/pages"}],"about":[{"href":"https:\/\/abyssedelhumanite.fr\/index.php?rest_route=\/wp\/v2\/types\/page"}],"author":[{"embeddable":true,"href":"https:\/\/abyssedelhumanite.fr\/index.php?rest_route=\/wp\/v2\/users\/1"}],"replies":[{"embeddable":true,"href":"https:\/\/abyssedelhumanite.fr\/index.php?rest_route=%2Fwp%2Fv2%2Fcomments&post=3171"}],"version-history":[{"count":0,"href":"https:\/\/abyssedelhumanite.fr\/index.php?rest_route=\/wp\/v2\/pages\/3171\/revisions"}],"wp:attachment":[{"href":"https:\/\/abyssedelhumanite.fr\/index.php?rest_route=%2Fwp%2Fv2%2Fmedia&parent=3171"}],"curies":[{"name":"wp","href":"https:\/\/api.w.org\/{rel}","templated":true}]}}