{"id":3167,"date":"2025-04-30T08:00:13","date_gmt":"2025-04-30T08:00:13","guid":{"rendered":"http:\/\/clapat-themes.com\/wordpress\/bennet\/?page_id=3167"},"modified":"2025-04-30T08:00:13","modified_gmt":"2025-04-30T08:00:13","slug":"agency","status":"publish","type":"page","link":"https:\/\/abyssedelhumanite.fr\/?page_id=3167","title":{"rendered":"Agency"},"content":{"rendered":"\n<div class=\"wp-block-bennet-gutenberg-container content-row dark-section full change-header-color has-clip-path disable-header-gradient\" data-bgcolor=\"transparent\" style=\"text-align:left\"><div class=\"parallax-image-wrapper\"><div class=\"parallax-image\" data-bg-image=\"https:\/\/abyssedelhumanite.fr\/wp-content\/uploads\/2025\/05\/parallax.jpg\"><\/div><div class=\"parallax-content-pin\"><div class=\"parallax-content-animation\"><\/div><\/div><ul class=\"parallax-content\"><li class=\"parallax-list\"><div><span>We are Bennet<\/div><\/span><div><span>Digital Studio Agency<\/div><\/span><\/li><li class=\"parallax-list\"><div><span>We bring ideas to life<\/div><\/span><div><span>Your brand reimagined<\/div><\/span><\/li><li class=\"parallax-list\"><div><span>Design with purpose<\/div><\/span><div><span>Solutions for businesses<\/div><\/span><\/li><\/ul><\/div><\/div>\n\n\n\n<div class=\"wp-block-bennet-gutenberg-container content-row light-section full row_padding_top row_padding_bottom\" data-bgcolor=\"#c8c8c8\" style=\"text-align:left\"><div class=\"team-list-wrapper\"><ul class=\"team-list-captions\"><li data-centerLine=\"Hello\"><div class=\"tml-title\"><span>Hannah<\/span> <span>Smith<\/span><\/div><div class=\"tml-cat\">Co-Founder<\/div><\/li><li data-centerLine=\"Bonjour\"><div class=\"tml-title\"><span>Lucas<\/span> <span>Martin<\/span><\/div><div class=\"tml-cat\">Co-Founder<\/div><\/li><li data-centerLine=\"Hallo\"><div class=\"tml-title\"><span>Emma<\/span> <span>M\u00fcller<\/span><\/div><div class=\"tml-cat\">Web Designer<\/div><\/li><li data-centerLine=\"Salut\"><div class=\"tml-title\"><span>Mark<\/span> <span>Spencer<\/span><\/div><div class=\"tml-cat\">Web Developer<\/div><\/li><li data-centerLine=\"Holla\"><div class=\"tml-title\"><span>Charlotte<\/span> <span>Dunn<\/span><\/div><div class=\"tml-cat\">SEO Specialist<\/div><\/li><li data-centerLine=\"Apply\"><div class=\"tml-title\"><span>John<\/span> <span>Doe<\/span><\/div><div class=\"tml-cat\">Join our team<\/div><\/li><\/ul><ul class=\"team-list-images\"><li><div class=\"img-mask\"><div class=\"section-image\"><img decoding=\"async\" src=\"https:\/\/abyssedelhumanite.fr\/wp-content\/uploads\/2025\/05\/team1.jpg\" class=\"item-image grid__item-img\" alt=\"&lt;span&gt;Hannah&lt;\/span&gt; &lt;span&gt;Smith&lt;\/span&gt;\"><\/div><\/div><\/li><li><div class=\"img-mask\"><div class=\"section-image\"><img decoding=\"async\" src=\"https:\/\/abyssedelhumanite.fr\/wp-content\/uploads\/2025\/05\/team2.jpg\" class=\"item-image grid__item-img\" alt=\"&lt;span&gt;Lucas&lt;\/span&gt; &lt;span&gt;Martin&lt;\/span&gt;\"><\/div><\/div><\/li><li><div class=\"img-mask\"><div class=\"section-image\"><img decoding=\"async\" src=\"https:\/\/abyssedelhumanite.fr\/wp-content\/uploads\/2025\/05\/team3.jpg\" class=\"item-image grid__item-img\" alt=\"&lt;span&gt;Emma&lt;\/span&gt; &lt;span&gt;M\u00fcller&lt;\/span&gt;\"><\/div><\/div><\/li><li><div class=\"img-mask\"><div class=\"section-image\"><img decoding=\"async\" src=\"https:\/\/abyssedelhumanite.fr\/wp-content\/uploads\/2025\/05\/team4.jpg\" class=\"item-image grid__item-img\" alt=\"&lt;span&gt;Mark&lt;\/span&gt; &lt;span&gt;Spencer&lt;\/span&gt;\"><\/div><\/div><\/li><li><div class=\"img-mask\"><div class=\"section-image\"><img decoding=\"async\" src=\"https:\/\/abyssedelhumanite.fr\/wp-content\/uploads\/2025\/05\/team5.jpg\" class=\"item-image grid__item-img\" alt=\"&lt;span&gt;Charlotte&lt;\/span&gt; &lt;span&gt;Dunn&lt;\/span&gt;\"><\/div><\/div><\/li><li><div class=\"img-mask\"><div class=\"section-image\"><img decoding=\"async\" src=\"https:\/\/abyssedelhumanite.fr\/wp-content\/uploads\/2025\/05\/team6.jpg\" class=\"item-image grid__item-img\" alt=\"&lt;span&gt;John&lt;\/span&gt; &lt;span&gt;Doe&lt;\/span&gt;\"><\/div><\/div><\/li><li class=\"pixels-cover\"><\/li><\/ul><\/div><\/div>\n\n\n\n<div class=\"wp-block-bennet-gutenberg-container content-row dark-section normal row_padding_top row_padding_bottom change-header-color has-clip-path disable-header-gradient text-align-center\" data-bgcolor=\"#0c0c0c\" style=\"text-align:center\">\n<div class=\"wp-block-bennet-gutenberg-pinned-list pinned-lists-wrapper brick-mode\" data-duration=\"3x\"><p>You need it? We do it<\/p><ul class=\"pinned-lists\">\n<li class=\"wp-block-bennet-gutenberg-pinned-list-item\">branding<\/li>\n\n\n\n<li class=\"wp-block-bennet-gutenberg-pinned-list-item\">web design<\/li>\n\n\n\n<li class=\"wp-block-bennet-gutenberg-pinned-list-item\">motion<\/li>\n\n\n\n<li class=\"wp-block-bennet-gutenberg-pinned-list-item\">development<\/li>\n\n\n\n<li class=\"wp-block-bennet-gutenberg-pinned-list-item\">marketing<\/li>\n<\/ul><\/div>\n<\/div>\n\n\n\n<div class=\"wp-block-bennet-gutenberg-container content-row light-section normal row_padding_top\" data-bgcolor=\"#c8c8c8\" style=\"text-align:center\">\n<p class=\"bigger has-shuffle secondary-font\">Recognition<\/p>\n\n\n\n<h2 class=\"wp-block-heading\" id=\"has-animation\">Awards Received<\/h2>\n\n\n\n<div style=\"height:25px\" aria-hidden=\"true\" class=\"wp-block-spacer\"><\/div>\n\n\n\n<ul class=\"wp-block-bennet-gutenberg-flex-list flex-lists-wrapper\">\n<li class=\"wp-block-bennet-gutenberg-flex-list-item flex-list link has-animation\"><span class=\"flex-list-left\">Awwwards<\/span><span class=\"flex-list-center\">Developer Award, Site of the Day, Honorable Mention<\/span><span class=\"flex-list-right\">x08 Awards<\/span><\/li>\n\n\n\n<li class=\"wp-block-bennet-gutenberg-flex-list-item flex-list link has-animation\"><span class=\"flex-list-left\">CSS Design Awards<\/span><span class=\"flex-list-center\">Website of the Day, Special Kudos<\/span><span class=\"flex-list-right\">x06 Awards<\/span><\/li>\n\n\n\n<li class=\"wp-block-bennet-gutenberg-flex-list-item flex-list link has-animation\"><span class=\"flex-list-left\">Behance<\/span><span class=\"flex-list-center\">Featured UX\/UI and XD Design<\/span><span class=\"flex-list-right\">x04 Awards<\/span><\/li>\n\n\n\n<li class=\"wp-block-bennet-gutenberg-flex-list-item flex-list link has-animation\"><span class=\"flex-list-left\">CSS LIght<\/span><span class=\"flex-list-center\">Featured Website, Featured Design<\/span><span class=\"flex-list-right\">x12 Awards<\/span><\/li>\n\n\n\n<li class=\"wp-block-bennet-gutenberg-flex-list-item flex-list link has-animation\"><span class=\"flex-list-left\">FWA awards<\/span><span class=\"flex-list-center\">FWA of the day, FWA of the month<\/span><span class=\"flex-list-right\">x04 Awards<\/span><\/li>\n\n\n\n<li class=\"wp-block-bennet-gutenberg-flex-list-item flex-list link has-animation\"><span class=\"flex-list-left\">One Page Love<\/span><span class=\"flex-list-center\">Site of the Day<\/span><span class=\"flex-list-right\">x10 Awards<\/span><\/li>\n\n\n\n<li class=\"wp-block-bennet-gutenberg-flex-list-item flex-list link has-animation\"><span class=\"flex-list-left\">Site Inspire<\/span><span class=\"flex-list-center\">Featured Website<\/span><span class=\"flex-list-right\">x08 Awards<\/span><\/li>\n\n\n\n<li class=\"wp-block-bennet-gutenberg-flex-list-item flex-list link has-animation\"><span class=\"flex-list-left\">CSS Winner<\/span><span class=\"flex-list-center\">Site of the Day, Special Mention<\/span><span class=\"flex-list-right\">x12 Awards<\/span><\/li>\n<\/ul>\n<\/div>\n","protected":false},"excerpt":{"rendered":"","protected":false},"author":1,"featured_media":0,"parent":0,"menu_order":0,"comment_status":"closed","ping_status":"closed","template":"","meta":{"footnotes":""},"class_list":["post-3167","page","type-page","status-publish","hentry"],"yoast_head":"<!-- This site is optimized with the Yoast SEO plugin v27.5 - https:\/\/yoast.com\/product\/yoast-seo-wordpress\/ -->\n<title>Agency - Abysse de l&#039;humanit\u00e9<\/title>\n<meta name=\"robots\" content=\"index, follow, max-snippet:-1, max-image-preview:large, max-video-preview:-1\" \/>\n<link rel=\"canonical\" href=\"https:\/\/abyssedelhumanite.fr\/?page_id=3167\" \/>\n<meta property=\"og:locale\" content=\"fr_FR\" \/>\n<meta property=\"og:type\" content=\"article\" \/>\n<meta property=\"og:title\" content=\"Agency - Abysse de l&#039;humanit\u00e9\" \/>\n<meta property=\"og:url\" content=\"https:\/\/abyssedelhumanite.fr\/?page_id=3167\" \/>\n<meta property=\"og:site_name\" content=\"Abysse de l&#039;humanit\u00e9\" \/>\n<meta name=\"twitter:card\" content=\"summary_large_image\" \/>\n<meta name=\"twitter:label1\" content=\"Dur\u00e9e de lecture estim\u00e9e\" \/>\n\t<meta name=\"twitter:data1\" content=\"1 minute\" \/>\n<script type=\"application\/ld+json\" class=\"yoast-schema-graph\">{\"@context\":\"https:\\\/\\\/schema.org\",\"@graph\":[{\"@type\":\"WebPage\",\"@id\":\"https:\\\/\\\/abyssedelhumanite.fr\\\/?page_id=3167\",\"url\":\"https:\\\/\\\/abyssedelhumanite.fr\\\/?page_id=3167\",\"name\":\"Agency - Abysse de l&#039;humanit\u00e9\",\"isPartOf\":{\"@id\":\"https:\\\/\\\/abyssedelhumanite.fr\\\/#website\"},\"datePublished\":\"2025-04-30T08:00:13+00:00\",\"breadcrumb\":{\"@id\":\"https:\\\/\\\/abyssedelhumanite.fr\\\/?page_id=3167#breadcrumb\"},\"inLanguage\":\"fr-FR\",\"potentialAction\":[{\"@type\":\"ReadAction\",\"target\":[\"https:\\\/\\\/abyssedelhumanite.fr\\\/?page_id=3167\"]}]},{\"@type\":\"BreadcrumbList\",\"@id\":\"https:\\\/\\\/abyssedelhumanite.fr\\\/?page_id=3167#breadcrumb\",\"itemListElement\":[{\"@type\":\"ListItem\",\"position\":1,\"name\":\"Home\",\"item\":\"https:\\\/\\\/abyssedelhumanite.fr\\\/\"},{\"@type\":\"ListItem\",\"position\":2,\"name\":\"Agency\"}]},{\"@type\":\"WebSite\",\"@id\":\"https:\\\/\\\/abyssedelhumanite.fr\\\/#website\",\"url\":\"https:\\\/\\\/abyssedelhumanite.fr\\\/\",\"name\":\"Abysse de l&#039;humanit\u00e9\",\"description\":\"Quand la lumi\u00e8re survit \u00e0 l\u2019inhumanit\u00e9\",\"potentialAction\":[{\"@type\":\"SearchAction\",\"target\":{\"@type\":\"EntryPoint\",\"urlTemplate\":\"https:\\\/\\\/abyssedelhumanite.fr\\\/?s={search_term_string}\"},\"query-input\":{\"@type\":\"PropertyValueSpecification\",\"valueRequired\":true,\"valueName\":\"search_term_string\"}}],\"inLanguage\":\"fr-FR\"}]}<\/script>\n<!-- \/ Yoast SEO plugin. -->","yoast_head_json":{"title":"Agency - Abysse de l&#039;humanit\u00e9","robots":{"index":"index","follow":"follow","max-snippet":"max-snippet:-1","max-image-preview":"max-image-preview:large","max-video-preview":"max-video-preview:-1"},"canonical":"https:\/\/abyssedelhumanite.fr\/?page_id=3167","og_locale":"fr_FR","og_type":"article","og_title":"Agency - Abysse de l&#039;humanit\u00e9","og_url":"https:\/\/abyssedelhumanite.fr\/?page_id=3167","og_site_name":"Abysse de l&#039;humanit\u00e9","twitter_card":"summary_large_image","twitter_misc":{"Dur\u00e9e de lecture estim\u00e9e":"1 minute"},"schema":{"@context":"https:\/\/schema.org","@graph":[{"@type":"WebPage","@id":"https:\/\/abyssedelhumanite.fr\/?page_id=3167","url":"https:\/\/abyssedelhumanite.fr\/?page_id=3167","name":"Agency - Abysse de l&#039;humanit\u00e9","isPartOf":{"@id":"https:\/\/abyssedelhumanite.fr\/#website"},"datePublished":"2025-04-30T08:00:13+00:00","breadcrumb":{"@id":"https:\/\/abyssedelhumanite.fr\/?page_id=3167#breadcrumb"},"inLanguage":"fr-FR","potentialAction":[{"@type":"ReadAction","target":["https:\/\/abyssedelhumanite.fr\/?page_id=3167"]}]},{"@type":"BreadcrumbList","@id":"https:\/\/abyssedelhumanite.fr\/?page_id=3167#breadcrumb","itemListElement":[{"@type":"ListItem","position":1,"name":"Home","item":"https:\/\/abyssedelhumanite.fr\/"},{"@type":"ListItem","position":2,"name":"Agency"}]},{"@type":"WebSite","@id":"https:\/\/abyssedelhumanite.fr\/#website","url":"https:\/\/abyssedelhumanite.fr\/","name":"Abysse de l&#039;humanit\u00e9","description":"Quand la lumi\u00e8re survit \u00e0 l\u2019inhumanit\u00e9","potentialAction":[{"@type":"SearchAction","target":{"@type":"EntryPoint","urlTemplate":"https:\/\/abyssedelhumanite.fr\/?s={search_term_string}"},"query-input":{"@type":"PropertyValueSpecification","valueRequired":true,"valueName":"search_term_string"}}],"inLanguage":"fr-FR"}]}},"_links":{"self":[{"href":"https:\/\/abyssedelhumanite.fr\/index.php?rest_route=\/wp\/v2\/pages\/3167","targetHints":{"allow":["GET"]}}],"collection":[{"href":"https:\/\/abyssedelhumanite.fr\/index.php?rest_route=\/wp\/v2\/pages"}],"about":[{"href":"https:\/\/abyssedelhumanite.fr\/index.php?rest_route=\/wp\/v2\/types\/page"}],"author":[{"embeddable":true,"href":"https:\/\/abyssedelhumanite.fr\/index.php?rest_route=\/wp\/v2\/users\/1"}],"replies":[{"embeddable":true,"href":"https:\/\/abyssedelhumanite.fr\/index.php?rest_route=%2Fwp%2Fv2%2Fcomments&post=3167"}],"version-history":[{"count":0,"href":"https:\/\/abyssedelhumanite.fr\/index.php?rest_route=\/wp\/v2\/pages\/3167\/revisions"}],"wp:attachment":[{"href":"https:\/\/abyssedelhumanite.fr\/index.php?rest_route=%2Fwp%2Fv2%2Fmedia&parent=3167"}],"curies":[{"name":"wp","href":"https:\/\/api.w.org\/{rel}","templated":true}]}}